 remainder when 10 is divided by y(11).
2
Calculate the remainder when (1 - 384/(-3))*14/21 is divided by 30.
26
Suppose 2*d = 20 + 170. What is the remainder when d is divided by 32?
31
Suppose 0 = 3*k - 11 + 2. What is the remainder when 1442/21 - k/(-9) is divided by 18?
15
Let n(a) = 2*a + 65. What is the remainder when 31 is divided by n(-24)?
14
Let s(t) = -t. Let o(w) = 2*w. Let v(q) = -2*o(q) - 5*s(q). What is the remainder when 130/4*(-8)/(-20) is divided by v(5)?
3
Suppose f - 2*f = -93. What is the remainder when f is divided by 24?
21
Let h(g) = 4*g**2 - 24*g + 15. What is the remainder when 168 is divided by h(7)?
39
Suppose -2*w + 2 = -14. Suppose 0 = f + 5*i - 6, 3*i + 7 = f - 23. Calculate the remainder when f is divided by w.
5
Calculate the remainder when -7*(-3)/(-21)*-22 is divided by (12/9)/((-1)/(-9)).
10
Let v(u) = -73*u**2 + u - 5. Let z be v(7). What is the remainder when z/(-52) + 2/8 is divided by 18?
15
Let c = -14 + 28. Suppose p + 221 = 5*p + i, -5*i + 5 = 0. What is the remainder when p is divided by c?
13
Calculate the remainder when 1*(12 + 1 - 4) is divided by 4.
1
Let r = 127 - 113. Calculate the remainder when 77 is divided by r.
7
Let q(f) = 28*f - 3. Let s(x) = -55*x + 7. Let n(h) = 5*q(h) + 2*s(h). What is the remainder when n(1) is divided by 8?
5
Suppose 21 = m - 4*m. Let b be (m - -48) + (-2 - 1). What is the remainder when 11 is divided by (-8)/(-40) - b/(-10)?
3
Calculate the remainder when (-220)/2*(3 + 7/(-2)) is divided by 29.
26
Let f = -2 + 3. Suppose f = -4*b + h - 5, -3*b + 5*h + 4 = 0. Let c = 12 - b. What is the remainder when 26 is divided by c?
12
Let s = -1 - -1. Suppose -a - 5*v = 5, -3*a - 3*v + 0*v + 33 = s. What is the remainder when 28 is divided by a?
13
Let k be 1/((-3)/(-3)) - -14. Suppose j + 3*w - 17 = 0, 0 = -5*j + 4*w - k + 5. What is the remainder when 3 is divided by j?
1
Let x(t) = -4*t - 4. What is the remainder when x(-11) is divided by 11?
7
Let p = -61 - -89. What is the remainder when 81 is divided by p?
25
Suppose -4 = -0*t - 2*t. Calculate the remainder when (t + -1)/(5/395) is divided by 20.
19
Suppose -7*l + 45 = -2*g - 2*l, 87 = -5*g + 4*l. Let p = g - -21. What is the remainder when 15 is divided by p?
3
Suppose -4*t + 4*f = -32, 1 = -2*t + t + 4*f. Suppose -a - v - 1 = -16, 5*a - 103 = 2*v. Calculate the remainder when a is divided by t.
8
Calculate the remainder when 125 is divided by ((-32)/(-112))/((-1)/(-91)).
21
Suppose -5*t + c + 12 = 0, 5*t - 5*c + 8*c = 4. Suppose g - 3 = t. What is the remainder when 7 is divided by g?
2
Suppose -a + 80 = 2*q, 4*a - 201 = -4*q + 123. Calculate the remainder when a is divided by 6.
4
Let o = -2 - -2. Suppose p - 8 = -3*p. Suppose o = p*c - 3*c + 6. Calculate the remainder when 10 is divided by c.
4
Suppose -2*l + 0*l = -114. Suppose 4*p = p + l. Calculate the remainder when p is divided by 7.
5
Let r(o) = -28*o. Calculate the remainder when 55 is divided by r(-1).
27
Let w(r) = r**2 + 25*r + 29. Let u = 10 + -2. Calculate the remainder when u is divided by w(-24).
3
Let t = -64 - -147. Let a = t + -59. What is the remainder when (1 - 1) + a + -2 is divided by 12?
10
What is the remainder when 5 is divided by (40/14*(-14)/(-4))/2?
0
Let j = -32 - -46. Suppose v - 2*t - 14 = 0, 3*v - 2*v - j = -2*t. What is the remainder when 40 is divided by v?
12
Suppose -3*n = -3 - 3. Suppose 3*u = -s + 17, 3*u - 2 = n*s + 9. What is the remainder when 8 is divided by u?
3
What is the remainder when 23 is divided by (-125)/(-10) + 2/4?
10
Suppose -2*r + 293 = -231. What is the remainder when r is divided by 11?
9
Let m be (-3)/9 - 928/(-12). Let z = m + -50. What is the remainder when z is divided by 15?
12
Let t(j) = -6*j**2 - j + 6. Let l(o) = -o**2 - 1. Let w(m) = -5*l(m) + t(m). Let n be (-4)/(-3)*-3 + 4. What is the remainder when w(n) is divided by 6?
5
Let u(i) = 2*i**2 - 4*i - 11. Calculate the remainder when u(7) is divided by 20.
19
Let s(o) = 2*o**3 - 2*o**2 + 4*o - 3. Let r be s(2). Suppose -5*l + 8 = -2*u + 3, 0 = -2*u - l + r. Calculate the remainder when u is divided by 2.
1
Let n(d) = d**2 - d. Let q be (-1)/(-2)*-1*-2. Let g be n(q). Suppose 4*p - 28 = -5*t, g = -9*t + 4*t. What is the remainder when 20 is divided by p?
6
Calculate the remainder when (-1 + 2)*2 - -17 is divided by 7.
5
Calculate the remainder when 14 is divided by 5/10*(-1 - -7).
2
Let x(n) = -n**3 - 6*n**2 - 2*n - 6. What is the remainder when 17 is divided by x(-6)?
5
Suppose k - 2 = 3. What is the remainder when -2 + (k - 1) - -29 is divided by 11?
9
Suppose 2*z + f - 14 = -3*f, -z + 5*f - 7 = 0. Calculate the remainder when (15*8/20)/(2/3) is divided by z.
0
Suppose 76 = 5*v - 244. Calculate the remainder when v is divided by 6.
4
Let q(j) = -j**3 - 7*j**2 - 3*j - 2. Suppose -5*t - 10 - 5 = -4*a, -8 = -t + 3*a. What is the remainder when 55 is divided by q(t)?
17
Suppose -18*l + 16*l + 36 = 0. Calculate the remainder when (-6)/((9/26)/(-3)) is divided by l.
16
Let q(p) = -p**2 - 10*p - 2. What is the remainder when q(-4) is divided by 6?
4
Let v be (-1)/2*(2 - 46). Suppose 0 = 5*k - 18 - v. Suppose 2*u = 8 + k. What is the remainder when 22 is divided by u?
6
Suppose 0 = r - 1, -2*p - 5*r = -0*p - 43. Calculate the remainder when 23 is divided by p.
4
Let p(y) = y**2 - 6*y - 5. Let f be p(7). What is the remainder when (71 - 3)/f - 3 is divided by 11?
9
Let r = -68 + 95. Calculate the remainder when r is divided by 16.
11
Let i = 5 + -10. Let j = i + 14. Suppose -u - 106 = -3*t, -4*u - 23 + 7 = 0. What is the remainder when t is divided by j?
7
Suppose -77 = -4*z - 3*o, 4*z - 82 = o + o. What is the remainder when 59 is divided by z?
19
Let m be 29/9 - 4/18. Let o be 5 + (-1 - m)/2. Suppose -o*u = c - 43, -3*u + 5*c + 70 = 15. What is the remainder when 44 is divided by u?
14
Let u(x) = 3*x**3 + x**2 + x - 5. Calculate the remainder when u(2) is divided by 9.
7
Suppose 4*l - 2*b + 8 = -0*b, -l + 16 = 4*b. Suppose -4*q + l*q + 280 = 0. Calculate the remainder when q is divided by 24.
22
Let x(r) = r**3 - 6*r**2 + 3*r + 7. Suppose 6*m - 2*m = -64. Let k = 22 + m. Calculate the remainder when x(k) is divided by 9.
7
Let r = -49 + 79. What is the remainder when r is divided by 8?
6
Let f be -1*3*5/3. What is the remainder when 43 is divided by f/15 + 68/6?
10
Let v = -8 + 12. Suppose -v*m + 27 = -m. Let n = m + -6. Calculate the remainder when 5 is divided by n.
2
Suppose -108 = 13*o - 19*o. What is the remainder when o is divided by 11?
7
Let s = 1 + 1. Let c = s - 0. Suppose c*m = m + 31. What is the remainder when m is divided by 11?
9
Calculate the remainder when 46 is divided by (-3)/(-2)*256/24.
14
Let p = -155 - -183. Calculate the remainder when p is divided by 22.
6
Let b be 6/2*10/15. Suppose -b*l - 4*l = -72. What is the remainder when 23 is divided by l?
11
Let y(d) = d**3 + 8*d**2 + 11*d + 1. What is the remainder when y(-5) is divided by 9?
3
Let w(l) = -l**3 - 5*l**2 - 7*l - 6. Let f be w(-4). Let s = 6 - -5. Calculate the remainder when 188/f - (-2)/3 is divided by s.
10
Let d be 2/(-11) + 138/33. Suppose -n + 7 + d = 0. Suppose 59 = l + 16. Calculate the remainder when l is divided by n.
10
Suppose 3*h = -2*c + 21, -3*c = -0*c + h - 21. What is the remainder when 8 is divided by c?
2
Calculate the remainder when 116 is divided by ((-225)/(-100))/(6/80).
26
Suppose 0 = -5*m - 2*f + 265, 0*m - 3*m + 159 = 4*f. Calculate the remainder when m is divided by 27.
26
Suppose -16*u + 15*u = -12. Calculate the remainder when u is divided by 5.
2
Suppose -5*x = 2*y - 30, -5*y - 5 = 2*x + 4. Let m(f) = f. Let b be m(x). Suppose -z = -b - 9. Calculate the remainder when 50 is divided by z.
16
Let m = 4 - -32. What is the remainder when 393 is divided by m?
33
Let m = -13 + 6. Let g = 5 - m. Calculate the remainder when 58 is divided by g.
10
Suppose 45*g - 46*g + 19 = 0. Suppose -4*o + 1 + 19 = 0. What is the remainder when g is divided by o?
4
Let m(y) = y**3 + 10*y**2 + 9*y + 6. Let j be (-3)/(-2 - -5)*9. Calculate the remainder when 21 is divided by m(j).
3
Suppose 3*h + 4 = 2*h. What is the remainder when ((-3)/3)/((-2)/14) is divided by h*(-4)/8 + 0?
1
Calculate the remainder when -7*(120/(-42))/2 is divided by 6.
4
Suppose -2*d - 2 = -d, 